mainder when 490393 is divided by 141.
136
Calculate the remainder when 101479 is divided by 1014.
79
Calculate the remainder when 19763 is divided by 760.
3
Calculate the remainder when 181257 is divided by 728.
713
Calculate the remainder when 32210 is divided by 657.
17
What is the remainder when 21833 is divided by 43?
32
What is the remainder when 843 is divided by 88?
51
Calculate the remainder when 1559 is divided by 990.
569
What is the remainder when 289456 is divided by 1765?
1761
Calculate the remainder when 359030 is divided by 119675.
5
What is the remainder when 182182 is divided by 3?
1
Calculate the remainder when 6915 is divided by 1717.
47
Calculate the remainder when 964617 is divided by 230.
227
What is the remainder when 1292 is divided by 119?
102
Calculate the remainder when 13210 is divided by 1033.
814
Calculate the remainder when 56932 is divided by 14219.
56
Calculate the remainder when 7109 is divided by 2294.
227
What is the remainder when 8543303 is divided by 132?
131
What is the remainder when 626872 is divided by 5751?
13
Calculate the remainder when 11330 is divided by 248.
170
Calculate the remainder when 107692 is divided by 1794.
52
Calculate the remainder when 1657 is divided by 1464.
193
Calculate the remainder when 16593 is divided by 178.
39
Calculate the remainder when 2437 is divided by 404.
13
What is the remainder when 6491 is divided by 1840?
971
What is the remainder when 20759 is divided by 69?
59
What is the remainder when 2449 is divided by 27?
19
What is the remainder when 4138 is divided by 796?
158
Calculate the remainder when 378 is divided by 193.
185
What is the remainder when 6094 is divided by 1491?
130
Calculate the remainder when 10151 is divided by 90.
71
Calculate the remainder when 63566 is divided by 133.
125
Calculate the remainder when 509849 is divided by 55.
54
What is the remainder when 9051 is divided by 460?
311
What is the remainder when 1190 is divided by 70?
0
What is the remainder when 65285 is divided by 97?
4
Calculate the remainder when 12355 is divided by 6172.
11
What is the remainder when 15991 is divided by 42?
31
What is the remainder when 5509 is divided by 497?
42
Calculate the remainder when 21493 is divided by 50.
43
What is the remainder when 4197 is divided by 66?
39
Calculate the remainder when 84383 is divided by 10547.
7
What is the remainder when 18551 is divided by 85?
21
Calculate the remainder when 170844 is divided by 1356.
1344
What is the remainder when 49009 is divided by 16336?
1
Calculate the remainder when 980 is divided by 56.
28
What is the remainder when 67978 is divided by 6?
4
What is the remainder when 2630 is divided by 527?
522
Calculate the remainder when 71037 is divided by 35482.
73
Calculate the remainder when 7113 is divided by 42.
15
What is the remainder when 26033 is divided by 124?
117
Calculate the remainder when 75 is divided by 15.
0
What is the remainder when 374500 is divided by 769?
766
What is the remainder when 22728 is divided by 7541?
105
Calculate the remainder when 147660 is divided by 879.
867
Calculate the remainder when 59578 is divided by 333.
304
Calculate the remainder when 59489 is divided by 763.
738
Calculate the remainder when 47644 is divided by 68.
44
What is the remainder when 1758 is divided by 442?
432
Calculate the remainder when 8587 is divided by 2133.
55
What is the remainder when 7132 is divided by 478?
440
Calculate the remainder when 3199 is divided by 792.
31
What is the remainder when 1729 is divided by 106?
33
What is the remainder when 8363 is divided by 32?
11
Calculate the remainder when 106080 is divided by 1278.
6
What is the remainder when 18341 is divided by 18093?
248
What is the remainder when 333787 is divided by 166881?
25
What is the remainder when 2325 is divided by 203?
92
Calculate the remainder when 398165 is divided by 142.
139
What is the remainder when 15397 is divided by 110?
107
Calculate the remainder when 8901 is divided by 54.
45
What is the remainder when 2782 is divided by 1562?
1220
What is the remainder when 83238 is divided by 21?
15
Calculate the remainder when 44471 is divided by 14797.
80
Calculate the remainder when 488208 is divided by 81360.
48
What is the remainder when 9299 is divided by 4?
3
Calculate the remainder when 617 is divided by 339.
278
What is the remainder when 219996 is divided by 636?
576
Calculate the remainder when 44646 is divided by 38.
34
What is the remainder when 3955 is divided by 509?
392
What is the remainder when 3501 is divided by 4?
1
What is the remainder when 62275 is divided by 4787?
44
What is the remainder when 3670 is divided by 1206?
52
Calculate the remainder when 5938 is divided by 886.
622
What is the remainder when 739973 is divided by 72?
29
Calculate the remainder when 562801 is divided by 1137.
1123
Calculate the remainder when 25939 is divided by 8609.
112
Calculate the remainder when 119169 is divided by 124.
5
What is the remainder when 423435 is divided by 84684?
15
Calculate the remainder when 6981 is divided by 134.
13
What is the remainder when 573 is divided by 93?
15
What is the remainder when 5944047 is divided by 595?
592
Calculate the remainder when 1074 is divided by 497.
80
What is the remainder when 441810 is divided by 277?
272
Calculate the remainder when 207473 is divided by 453.
452
Calculate the remainder when 159880 is divided by 285.
280
Calculate the remainder when 23221 is divided by 836.
649
Calculate the remainder when 183142 is divided by 11.
3
Calculate the remainder when 12824 is divided by 4270.
14
Calculate the remainder when 222 is divided by 49.
26
What is the remainder when 6488 is divided by 311?
268
Calculate the remainder when 11498 is divided by 21.
11
Calculate the remainder when 762557 is divided by 64.
61
What is the remainder when 17461 is divided by 416?
405
What is the remainder when 58476 is divided by 344?
340
Calculate the remainder when 2724 is divided by 426.
168
What is the remainder when 12633 is divided by 125?
8
Calculate the remainder when 13387 is divided by 3340.
27
What is the remainder when 258 is divided by 221?
37
What is the remainder when 328302 is divided by 2379?
0
Calculate the remainder when 14067 is divided by 2344.
3
Calculate the remainder when 1895 is divided by 62.
35
What is the remainder when 143664 is divided by 58?
56
What is the remainder when 111036 is divided by 432?
12
Calculate the remainder when 5725 is divided by 234.
109
Calculate the remainder when 8442 is divided by 637.
161
What is the remainder when 28670 is divided by 243?
239
What is the remainder when 4466 is divided by 2132?
202
Calculate the remainder when 2070 is divided by 232.
214
Calculate the remainder when 2219 is divided by 738.
5
What is the remainder when 11530 is divided by 328?
50
Calculate the remainder when 3464 is divided by 575.
14
Calculate the remainder when 54842 is divided by 450.
392
What is the remainder when 8614 is divided by 8?
6
Calculate the remainder when 15032 is divided by 114.
98
Calculate the remainder when 16741 is divided by 7.
4
Calculate the remainder when 1182 is divided by 284.
46
Calculate the remainder when 3025 is divided by 3013.
12
What is the remainder when 1555 is divided by 30?
25
What is the remainder when 11472 is divided by 28?
20
Calculate the remainder when 1516599 is divided by 34.
29
Calculate the remainder when 22046 is divided by 7344.
14
What is the remainder when 2216 is divided by 2058?
158
Calculate the remainder when 148338 is divided by 56.
50
Calculate the remainder when 1487443 is divided by 265.
263
What is the remainder when 3295 is divided by 578?
405
What is the remainder when 1407 is divided by 694?
19
Calculate the remainder when 1096 is divided by 239.
140
Calculate the remainder when 21818 is divided by 1658.
264
What is the remainder when 128080 is divided by 32013?
28
Calculate the remainder when 5180 is divided by 273.
266
What is the remainder when 7908 is divided by 3925?
58
Calculate the remainder when 613223 is divided by 668.
667
Calculate the remainder when 7383 is divided by 2429.
96
Calculate the remainder when 8150 is divided by 189.
23
Calculate the remainder when 56902 is divided by 7